ctor of 9265 and 1870?
85
Calculate the highest common divisor of 2009 and 211806.
287
What is the greatest common factor of 5334 and 3542?
14
What is the highest common factor of 68110 and 154?
14
What is the greatest common factor of 105332 and 68?
68
What is the highest common divisor of 320 and 5690?
10
What is the highest common factor of 1276 and 1626262?
638
What is the greatest common factor of 115595 and 305?
305
Calculate the highest common divisor of 26796 and 51744.
924
Calculate the greatest common divisor of 52 and 3434.
2
Calculate the greatest common divisor of 575 and 823860.
115
What is the highest common divisor of 36190 and 182?
14
Calculate the greatest common factor of 1842 and 3462346.
614
Calculate the highest common factor of 986689 and 209.
209
Calculate the greatest common factor of 147792 and 432.
48
What is the highest common factor of 40631 and 82?
41
What is the highest common factor of 7287008 and 32?
32
What is the highest common factor of 222 and 14615?
37
What is the greatest common factor of 8238 and 114?
6
Calculate the highest common divisor of 29670 and 184.
46
Calculate the highest common factor of 19019 and 38.
19
Calculate the greatest common divisor of 19410 and 70.
10
Calculate the greatest common divisor of 34050 and 12.
6
Calculate the greatest common factor of 8921 and 1188.
11
What is the highest common factor of 243 and 2392821?
243
What is the highest common factor of 16962 and 1692?
6
Calculate the highest common divisor of 649083 and 2116.
529
Calculate the greatest common divisor of 423 and 18941.
47
What is the greatest common factor of 1000 and 11047000?
1000
Calculate the highest common divisor of 60 and 38460.
60
Calculate the greatest common factor of 456 and 1026038.
38
Calculate the greatest common factor of 460027 and 1682.
841
What is the greatest common divisor of 504 and 27657?
63
What is the greatest common divisor of 4358823 and 21?
21
What is the greatest common factor of 48 and 7581?
3
What is the greatest common divisor of 73029 and 264?
33
What is the greatest common divisor of 27717 and 3?
3
Calculate the greatest common factor of 69309 and 1377.
459
What is the greatest common divisor of 380316 and 12?
12
Calculate the greatest common divisor of 4 and 37796.
4
What is the greatest common divisor of 527 and 465?
31
What is the highest common divisor of 4655 and 1526105?
245
What is the greatest common factor of 123865 and 35?
35
What is the highest common divisor of 2083545 and 225?
45
What is the greatest common factor of 18420 and 84?
12
What is the highest common divisor of 8639 and 477?
53
What is the highest common factor of 12 and 175050?
6
Calculate the greatest common divisor of 7785 and 37887.
519
What is the highest common factor of 69915 and 55?
5
Calculate the highest common divisor of 40 and 10935.
5
What is the greatest common divisor of 158 and 13509?
79
What is the greatest common factor of 2921 and 12954?
127
Calculate the greatest common divisor of 21156 and 94956.
492
What is the greatest common divisor of 77 and 1135057?
77
What is the highest common divisor of 152 and 33896?
152
What is the highest common divisor of 33 and 674278?
11
What is the highest common divisor of 852 and 3432?
12
Calculate the highest common factor of 33725 and 1125.
25
Calculate the highest common factor of 3222 and 3401.
179
What is the highest common divisor of 212 and 192?
4
What is the greatest common factor of 17845 and 1075?
215
Calculate the greatest common factor of 7245 and 1827.
63
Calculate the highest common divisor of 150718 and 716.
358
What is the greatest common divisor of 64 and 199708?
4
What is the greatest common divisor of 782 and 47794?
46
What is the greatest common factor of 48888 and 5256?
72
Calculate the greatest common factor of 554620 and 160.
20
Calculate the highest common divisor of 46246 and 244617.
1217
What is the greatest common divisor of 423 and 354427?
47
Calculate the greatest common divisor of 1224 and 48042.
306
What is the highest common divisor of 7770 and 38355?
15
Calculate the highest common divisor of 410 and 41656.
82
Calculate the highest common factor of 45133 and 33.
11
What is the greatest common divisor of 4644 and 44634?
258
What is the highest common factor of 17264 and 208?
208
Calculate the highest common divisor of 483 and 2392.
23
Calculate the greatest common divisor of 1065 and 32376.
213
What is the greatest common divisor of 8 and 9399304?
8
Calculate the greatest common factor of 32535 and 165.
15
What is the greatest common divisor of 26 and 8455564?
26
What is the highest common divisor of 51291 and 246?
123
Calculate the greatest common divisor of 1843 and 97000.
97
What is the highest common divisor of 5840 and 3358?
146
What is the highest common divisor of 188 and 3074881?
47
Calculate the greatest common factor of 18 and 2569815.
9
Calculate the greatest common divisor of 110 and 19118.
22
Calculate the highest common factor of 14 and 4199174.
14
What is the greatest common factor of 100112 and 16?
16
What is the highest common divisor of 18693 and 1608?
201
What is the highest common factor of 16409 and 549?
61
Calculate the highest common divisor of 86788 and 208.
52
Calculate the highest common factor of 2413 and 2.
1
Calculate the highest common divisor of 64 and 675232.
32
What is the highest common factor of 42369 and 413463?
1461
Calculate the highest common factor of 106 and 68211.
53
Calculate the highest common divisor of 40 and 107740.
20
Calculate the greatest common factor of 901570 and 1013.
1013
What is the highest common divisor of 72 and 5064?
24
Calculate the greatest common factor of 60432 and 16.
16
Calculate the greatest common factor of 562464 and 567.
567
What is the highest common factor of 86 and 1436458?
86
What is the highest common divisor of 100 and 246700?
100
What is the highest common divisor of 145 and 9835?
5
Calculate the highest common factor of 768 and 105280.
64
Calculate the highest common factor of 43458 and 810.
6
What is the highest common factor of 812 and 4553?
29
What is the highest common factor of 368 and 35236?
92
Calculate the greatest common factor of 435 and 365980.
145
What is the greatest common divisor of 563013 and 297?
99
Calculate the greatest common factor of 253391 and 2116.
529
What is the greatest common factor of 128730 and 45?
15
Calculate the greatest common divisor of 73696 and 3290.
658
Calculate the greatest common divisor of 32 and 6808.
8
Calculate the greatest common divisor of 4464 and 1332.
36
Calculate the highest common divisor of 94986 and 36.
18
Calculate the highest common factor of 104200 and 120.
40
What is the highest common divisor of 35847 and 3717?
63
What is the highest common factor of 16770 and 3510?
390
Calculate the highest common divisor of 22836 and 588.
12
What is the highest common divisor of 6 and 83690?
2
What is the highest common divisor of 200 and 1166450?
50
What is the highest common factor of 923 and 79307?
71
What is the greatest common factor of 58716 and 324?
36
What is the highest common divisor of 51 and 1671049?
17
What is the highest common factor of 768 and 16656?
48
Calculate the highest common divisor of 3 and 119851.
1
Calculate the greatest common factor of 658 and 5546.
94
Calculate the greatest common factor of 88 and 378268.
44
Calculate the highest common factor of 1056941 and 158.
79
Calculate the highest common factor of 526 and 21725904.
526
Calculate the highest common factor of 5925 and 690.
15
Calculate the highest common factor of 32754 and 4240.
106
What is the highest common divisor of 16489960 and 20?
20
Calculate the highest common divisor of 797 and 5469811.
797
What is the highest common factor of 359553 and 3?
3
What is the greatest common divisor of 16010 and 20?
10
What is the greatest common factor of 420 and 1626744?
84
Calculate the greatest common factor of 72663 and 318.
159
What is the greatest common divisor of 1536 and 5568?
192
Calculate the highest common factor of 2301872 and 6768.
752
Calculate the highest common factor of 82264 and 208.
104
What is the highest common factor of 335410 and 255?
85
What is the greatest common divisor of 15 and 8502315?
15
What is